 + -11).
24
What is (1 + -26 - 0) + (-248 - -298)?
25
Evaluate (-24 + 1 - -2) + -191 + -246 + 489.
31
What is the value of 107 + 0 - (21 - (-468 - -493 - (1 - -7)))?
103
What is the value of 29 + (12 - 26 - -11) - 19?
7
Calculate -8 + (134 - (-4 - (5 + -8 + -9))) + -15.
103
What is the value of 151 - 138 - (-4 - (34 + -2))?
49
-78 + -2 + (3432 - 3401)
-49
What is -56 - -2 - (-770 - -719)?
-3
-3019 + 3007 + (8 - 2 - (1 + 0 + 0))
-7
Evaluate 39 - (106 - 76) - 36.
-27
Evaluate -25 - -67 - (-11 - (-15 + 5)).
43
What is the value of (463 - 376) + (-5 - 15)?
67
Calculate 138 - (8 - (-28 - (-42 + 33))).
111
(32 - -1) + -17 + -10
6
Calculate (-7 - (-17 + -2 + 9) - 11) + -32 - -12.
-28
What is the value of -35 + (-39 + 80 - 35)?
-29
Calculate (-88 - (-96 + (33 - 10))) + 1 + 137.
123
Calculate 40 - (-37 + 15 + 2 + 4).
56
What is (1 - 4 - (-2 - -13)) + -13006 + 13038?
18
Evaluate (-9 - -27 - 7) + 19.
30
Evaluate (40 - 9) + 0 - (11 + -37).
57
Evaluate 25 - 0 - (-16 - -40 - -133).
-132
What is the value of -2 + (18 + -5 + 11 - -18)?
40
What is -2 - 9 - (-9 + 8 + -2 - 1 - 42)?
35
Evaluate -42 + 118 + -56 + (-60 - -2).
-38
What is 9 - 0 - (-8 + (67 - -27) + -12 + 17)?
-82
Calculate 47 + (4 - -28) + 110 + -67.
122
What is the value of -1 + (12 - ((1 - -7) + 4 - 5)) - 28?
-24
What is (-5 - 0) + 2 + (-146 + 125 - (-28 + -6))?
10
Calculate (28 - 48 - (-6 + -5)) + -64.
-73
(-134 - 35 - -159) + -1 + 50
39
What is the value of (-4859 - -4580) + -5 + 156?
-128
What is (39 + 1 - 7) + -32?
1
Calculate -48 + (21 - -126) + -112.
-13
Calculate 5 - (27 - 38) - (3 + 17).
-4
What is the value of 37 - (62 - (57 - 45))?
-13
Calculate (-44 + 15 + 8 - -11) + (0 - -71).
61
What is the value of -6 + (6 - 1) - (22 + -50 + 42)?
-15
Evaluate -8 + 1 + (16 + 29 - 92 - 4).
-58
Evaluate 162 + -125 + (-2 - 45) + (-62 - -1).
-71
Evaluate 22 + -86 - (-53 - -55).
-66
Calculate -35 + 21 - (-20 + 8) - ((4 - 2) + -12).
8
Calculate -142 - (-32 + (42 - (74 - 41))).
-119
-1 - -13 - (-22 + 27) - (-11 + 24)
-6
(-12 - -7 - -10 - (-21 + 30 + -9)) + 73
78
What is ((-15 - -30) + -3 - -2) + -39 + 10 + 93?
78
What is the value of 62 + (-95 - (33 - 69))?
3
Calculate -87 + 90 + 5 + (-2 - -1) + -7.
0
-7 + 39 + (375 - 388)
19
What is -24 + (-58 - -29) - 11 - 7?
-71
53 - (-31 - -34) - 35
15
(2 - -2) + 10 + 34 + 3 + -44
7
Evaluate (59 + -69 - (15 + 1)) + 19 + 109.
102
What is -52 - (-10 - (-25 - (-6 + -12 - (-22 + 10))))?
-61
Calculate -28 + 33 + 32 + 5.
42
56 + (-12 - -17 - 26)
35
Calculate (71 - (128 - 51)) + (-54 - -7).
-53
Calculate 18 + (-9 + -61 - ((24 - 13) + -19)).
-44
What is the value of (-13 - (-2 - (-23 + 12))) + -8 + -2?
-32
What is -46 - (-116 - (0 + -88))?
-18
Evaluate -29 - (-1 + (30 - 1) + (-11784 - -11759)).
-32
Evaluate 0 + 0 + (11 - 49) + 5.
-33
Calculate -987 - -1023 - (24 + 2).
10
What is 2331 - 2337 - (0 + -3 - 44)?
41
What is -3 + -4 + 0 + (-6 - (19 + -41))?
9
-104 + -33 + 66 - -95
24
35 + (0 - 117) + -43 + 94
-31
What is the value of (-269 - -258) + -14 + -2 + -20?
-47
What is the value of (3 - 5) + (-2 - 0) - (-76287 + 76281)?
2
What is -16 + 3 + 8 - (-156 + (10 - (-24 + 12)))?
129
What is the value of -27 + 12 + 18 + -25 + -15?
-37
2 + -9 + 0 + -14 + (-1 - -4) + -56
-74
(-1 - -89 - (222 + -213)) + (-4 - -23)
98
(-27 + 54 - (-87 + 53)) + 2
63
What is 17 - (-43 + 46 - (-6 + 10 + -9))?
9
Calculate -7 - (-7 - -1 - -5) - (-270 - -287).
-23
Calculate 18 + -107 + 109 - -4.
24
What is the value of 4 + -4 + 2 - (-413 - -477 - (-5 + 2))?
-65
Calculate 6 + 7 - (-13 - (-28 + 17)) - (6 + -30).
39
Calculate 3 - (-2 - -25) - (-4 - (-28 - 50)).
-94
What is the value of -53 + -3 + 1 + 26 + 0 + (-410 - -397)?
-42
What is the value of (31 - -1) + (693 - 689)?
36
Calculate (12 - (0 + 8 + -20 - -16 - -7)) + -54.
-53
Evaluate -17 + 104 + -17 + -9 + 12.
73
-42 - ((59 - 35) + -45)
-21
What is the value of 41 - (-33 - (-40 - (30 - 59)))?
63
7 + ((-1 - (-12 + 13)) + 43 - -9)
57
What is the value of -1 + -18 + (-50 + 56 - -10) - 17?
-20
-3 + 5 + 1 + 13 + (-16 - -13) + -35
-22
What is (-5527 - -5578) + (-44 - 0)?
7
What is -4 + 0 + -11 + -1 + (37 - (-72 - -32))?
61
What is the value of -11 + -35 + 43 + 4 + -6 + (-15 - -14)?
-6
4 + 1 - (-7 - -20) - (-31 - -5)
18
What is the value of (-6 - (5 + -23) - (42 + 44)) + 3?
-71
-25 + (-932 + 1004 - (0 + -26))
73
11 + 3 - ((125 - 75) + (-9 - 1))
-26
What is the value of 78 + -8 - (-27 - -46) - (-13 - 6)?
70
Evaluate 1 + -10 + -9 + 3 + (16 - 4) + -13.
-16
What is (2 + 20 - 33) + (-42 - -124)?
71
Calculate (110 - 126) + 4 + -1 + 13 - 24.
-24
What is -80 + 100 - ((-9 - -1) + 2) - 177?
-151
Calculate 103 + (-10 - (11 + 31)) + 34.
85
What is the value of -49 - (-56 - -46 - 36)?
-3
What is the value of (-75 - -101) + -56 + 12?
-18
What is -21 + (19 - (-18 + (12 - -10)))?
-6
Calculate -65 - (29 - ((46 - 13) + 43)).
-18
Calculate 32 + -13 - 16 - (4 - (4 + -6 + 12)).
9
Calculate 5 - ((-10 - -2 - (14 - (21 + -10))) + -2).
18
Calculate -16 - (161 + -146 - (-9 - 3)) - (-3 + 10).
-50
Evaluate -2 - (25 - 122) - 106.
-11
(2 - -16 - -19) + (7 - (-1 - 3))
48
What is 6 + 3 + (-56 - -33) + 24?
10
Evaluate (2 - (39 + -1)) + -4436 + 4468.
-4
0 - (-8 + 6 + (-11 - 4) + 3)
14
-25 - (-8 - (-12 - (9 - (-12 + 16))))
-34
What is the value of -14 - (-33 - (31 - 94))?
-44
What is the value of (-8 - (28 - 8)) + (2 - (-16 + 27 + -7))?
-30
-28 - (3 - ((-6 - -43) + -30))
-24
Calculate (-7 - (-61 - -1) - 3) + 6 + -3.
53
What is the value of 56 - 71 - (-22 - (-5 - -3))?
5
What is (18 + -5 - 10) + 3 + 1?
7
What is -21 + (17 - -50) + -17?
29
25 + (-1 - (3 + -11) - -7)
39
2 - ((-12 - (-17 + -139)) + (-1 - (9 - 3)))
-135
-54 + 45 - (0 + -20) - (8 - 4)
7
-9 + (-894 - -885) + (4 + (-4 - -2) - 99)
-115
What is the value of 33 + -48 + 69 + 8 - -14?
76
Calculate (-2 + (26 - 21) + 28 - 19) + -124.
-112
Evaluate 295 - 314 - (-8 + (4 - 8)).
-7
26 + (0 - (1 + -9 - 2)) - -10
46
(-46 - (-12 + 38)) + 34 - -121
83
What is the value of (17 - 15) + -17 + 15 + (-30 - 0)?
-30
Evaluate 4 + 58 + -70 + (2 - 1).
-7
Calculate (-69 - -71) + 18 + -46.
-26
What is 2 + (-19 - -3) - (520 - 523) - (-5 + 2)?
-8
What is the value of (-12 + (7 - (10 + -28)) - 51) + 0 + 9?
-29
What is the value of (-24 - (-25 - 35)) + (0 + 3 - -3 - 4)?
38
What is the value of -98 + (140 - (101 + 60))?
-119
What is the value of ((-8 - -9) + -15 + 11 + 11 - -8) + -99?
-83
What is the value of 891 + -838 - (20 - 2)?
35
Calculate 7 + 3 - ((-13 - -11) + -19 + -25 + 0).
56
Calculate (15 - (3 + (-18 - (10 + -15)))) + 0.
25
What is -19 + (-60 - -43 - (-2 - 37))?
3
Evaluate -161 - -211 - ((16 - 6) + -54).
94
Evaluate (23 + -33 - (-10 + 0)) + -1 + -5 + -23.
-29
Evaluate 13 + (-33 + 17 - 34) + -16 + 8.
-45
What is the value of (79 - 13) + (789 - 764)?
91
-17 - (40 + (-23 - -2) + -96)
60
What is (17 - 1) + (-38 - (16 + -25) - 35)?
-48
Evaluate -13 + (46 - 28) + -22.
-17
Evaluate 92 + 0 + 10 + (-39 - -32 - 0) - 8.
87
Evaluate 2 + -10 + (19 - (36 - (-14 - -41))).
2
10 + 0 + (-6 + -12 - (24 + -25 - 23))
16
What is (120 - 76) + -48 + 20 + 1?
17
Evaluate 21 + -2 - ((55 - 1) + 243 + -300).
22
What is the value of 96 - ((37 - (-3 + 21)) + 8)?
69
What is -3 + -2 + -8 + -70 + -171 + 190?
-64
-31 - (27 - (10 + -14 - -29))
-33
What is the value of 6 - ((-6 + 10 - (25 + -25)) + 1 + -12)?
13
What is -33 - (-23 - 27) - -33 - 24?
26
1 + -81 - (0 + 21 + 1002 + -1016)
-87
Calculate 30 - -6 - (-8 + 5 - (11 + -10) - -10).
30
What is the value of -62 - (-15 - -58 - 27) - (-2 - (-4 + -4))?
-84
What is 12 + (-4 - (21 - (21 + 17)))?
25
369 + -437 + (24 - -15)
-29
Calculate (-8 - -20 - (-3 - (-3 + -4))) + -81 + 27.
-46
What is the value of -17 + (4 - (12 - (-1 - -3))) + 11 + -5?
-17
Evaluate (2 - -92) + 19 + -26 + 23 + -11 + 9.
108
93 - (178 + -75 + -26)
16
What is 86 - -3 - (-363 + 403)?
49
Calculate -79 - (40 - (-3 + 94)).
-28
11 + (-61 - 69) + 46
-73
What is the value of (9 - 13) + (10 + -4 - -29)?
31
32 + (-11 - -13) + -6 - (-13 - -2)
39
Calculate 1 - 39 - (-2 - (-6 - 2) - (-48 - -62)).
-30
What is 66 + -5 + (-87 - -51) + -95?
-70
Evaluate (-132 - -2) + (-118 - -135) + (-9 - (-1 + -2)).
-119
What is the value of 0 + 18 - (-1392 + 1430)?
-20
Calculate 2 + (-4 - (-112 + 1)) + (7 + -1 - 0).
115
What is the value of 66 + 2 + (244 - 275)?
37
Calculate 34 - ((-94 - -38) + 130).
-40
Calculat